909?
99
Calculate the highest common factor of 596561 and 28.
7
What is the greatest common factor of 3033244 and 4573?
269
What is the highest common factor of 1263130 and 385?
55
What is the greatest common divisor of 112144 and 1725192?
1304
What is the highest common divisor of 161677 and 986683?
1511
Calculate the highest common divisor of 54 and 354926844.
18
What is the greatest common divisor of 26 and 28026193?
13
Calculate the highest common factor of 24996193 and 161.
23
What is the highest common divisor of 3319790 and 1550?
310
Calculate the greatest common factor of 2869 and 116492876.
2869
What is the greatest common factor of 207380 and 6560?
20
Calculate the highest common factor of 13217762 and 7218.
802
Calculate the greatest common factor of 31065720 and 560.
280
Calculate the highest common factor of 37982 and 9128.
14
What is the greatest common divisor of 73408 and 1199392?
1184
Calculate the highest common factor of 1562592 and 21648.
1968
What is the greatest common factor of 547337 and 847?
7
Calculate the greatest common factor of 923 and 17833738.
13
What is the highest common divisor of 1628906 and 17089?
23
What is the highest common factor of 9705494 and 368?
46
What is the highest common divisor of 13473 and 101790?
27
What is the highest common divisor of 14273592 and 27176?
344
Calculate the highest common divisor of 176843700 and 11.
11
What is the greatest common factor of 17829 and 248913?
63
What is the greatest common factor of 4336755 and 5895?
1965
What is the highest common factor of 20689385 and 4005?
445
What is the greatest common factor of 95 and 697473565?
95
What is the highest common divisor of 7983 and 120082947?
2661
What is the highest common divisor of 1873488582 and 3794?
3794
Calculate the highest common divisor of 82672 and 13732.
4
What is the greatest common divisor of 216 and 88804728?
216
Calculate the greatest common divisor of 17346 and 3638589.
177
What is the greatest common divisor of 426 and 1319579730?
426
Calculate the greatest common divisor of 17 and 733448.
17
Calculate the greatest common divisor of 135 and 382779.
27
What is the highest common factor of 296 and 75448476?
148
What is the highest common divisor of 15 and 79421265?
15
What is the highest common factor of 4517073 and 604274?
2497
Calculate the highest common factor of 15 and 1554804.
3
What is the greatest common factor of 26237568 and 688?
688
What is the highest common divisor of 1178693 and 240489?
2969
What is the greatest common factor of 47338990 and 36306?
4034
What is the greatest common divisor of 29291931 and 89311?
2077
Calculate the greatest common factor of 5615510 and 10.
10
What is the greatest common divisor of 4631759 and 56661?
1111
What is the highest common divisor of 13185 and 809505?
45
Calculate the greatest common factor of 70 and 408345050.
10
Calculate the highest common divisor of 27293 and 61405351.
3899
Calculate the greatest common divisor of 508194 and 8840066.
6274
Calculate the greatest common factor of 304 and 6343112.
152
What is the highest common factor of 453378 and 279651?
291
Calculate the highest common factor of 1760554 and 136.
34
Calculate the greatest common factor of 1189374 and 104456.
2374
What is the highest common divisor of 2243477132 and 746?
746
Calculate the greatest common factor of 10375 and 89575.
25
What is the highest common divisor of 288422 and 264724?
578
Calculate the highest common factor of 70 and 145719150.
10
Calculate the highest common factor of 38043 and 8103.
3
What is the highest common factor of 82216755 and 51889?
2731
Calculate the highest common divisor of 319919362 and 1190.
238
What is the greatest common factor of 1253648 and 83776?
2992
Calculate the highest common divisor of 411975 and 39375.
225
Calculate the greatest common factor of 386136 and 527.
31
What is the greatest common factor of 715200 and 8700?
300
Calculate the highest common factor of 60 and 357941910.
30
What is the greatest common divisor of 3486 and 14163744?
42
What is the highest common divisor of 3296523 and 6519?
123
What is the greatest common divisor of 13351 and 355238?
169
What is the greatest common divisor of 1995563 and 403?
31
Calculate the highest common factor of 2154 and 636114.
6
What is the greatest common factor of 1173 and 6423552?
51
Calculate the greatest common factor of 190 and 75700370.
190
Calculate the highest common factor of 31780 and 11338196.
908
What is the highest common factor of 20974114 and 12190?
2438
Calculate the greatest common factor of 63476 and 1001.
7
Calculate the highest common divisor of 45 and 43179905.
5
What is the greatest common factor of 183625 and 12107875?
1625
Calculate the greatest common factor of 3584 and 1197224.
56
What is the greatest common factor of 147613 and 12?
1
What is the highest common factor of 58 and 520753?
29
Calculate the greatest common factor of 381325368 and 2669.
2669
What is the highest common factor of 564958 and 2623762?
3466
Calculate the greatest common factor of 2140242 and 4002.
138
What is the highest common divisor of 458809 and 54288?
377
What is the highest common factor of 199948 and 120176?
1036
What is the greatest common divisor of 160058177 and 62?
31
What is the highest common factor of 1638225 and 160?
5
What is the greatest common divisor of 64427571 and 1521?
117
What is the greatest common divisor of 59110 and 65780?
230
What is the highest common factor of 61222560 and 480?
480
What is the highest common factor of 234394 and 8?
2
What is the highest common divisor of 3913248 and 384?
96
Calculate the greatest common divisor of 95918 and 78406.
398
Calculate the highest common divisor of 2430 and 58817880.
270
Calculate the highest common divisor of 680 and 49277780.
20
Calculate the greatest common divisor of 768618 and 36.
18
Calculate the highest common factor of 17233548 and 33288.
876
What is the highest common divisor of 96247190 and 676?
338
Calculate the greatest common factor of 45821346 and 22860.
762
Calculate the highest common divisor of 56160 and 389688.
312
Calculate the greatest common factor of 1960231 and 3962.
7
What is the highest common factor of 127156 and 6128?
1532
Calculate the highest common divisor of 83925804 and 6256.
1564
What is the highest common factor of 324480 and 1285245?
2535
Calculate the greatest common divisor of 1640669 and 1273.
19
What is the highest common factor of 28890 and 191300913?
2889
Calculate the greatest common factor of 105732544 and 704.
64
What is the highest common factor of 37665 and 306125?
155
What is the greatest common divisor of 7056 and 557802?
126
Calculate the highest common divisor of 14988440 and 4268.
388
Calculate the highest common factor of 110 and 4300410.
10
Calculate the greatest common divisor of 227040 and 39160.
440
What is the highest common factor of 414 and 52856946?
18
Calculate the highest common factor of 16 and 2719464352.
16
What is the greatest common divisor of 9945885 and 279?
93
What is the greatest common factor of 308968 and 127?
1
Calculate the highest common factor of 429 and 18609327.
33
What is the highest common factor of 15138635 and 656?
41
Calculate the highest common divisor of 5676528 and 2640.
528
What is the greatest common divisor of 14981656 and 56?
8
What is the greatest common divisor of 1224 and 25360056?
1224
What is the greatest common factor of 2504490 and 4030?
310
What is the greatest common divisor of 1221 and 191031?
111
Calculate the greatest common factor of 4800 and 7713150.
150
Calculate the greatest common factor of 369 and 8838.
9
What is the highest common divisor of 1014 and 51994878?
1014
What is the greatest common factor of 8468 and 82636?
292
What is the highest common factor of 286855 and 336295?
515
What is the greatest common factor of 71252440 and 765?
85
What is the highest common factor of 524719621 and 305?
61
What is the highest common factor of 6305 and 6687083?
1261
Calculate the greatest common factor of 6104130 and 7410.
570
What is the highest common divisor of 4057141 and 418?
11
Calculate the greatest common factor of 339 and 165520479.
339
Calculate the highest common factor of 522528265 and 35.
35
What is the great